{"id":442,"date":"2023-09-01T10:20:26","date_gmt":"2023-09-01T07:20:26","guid":{"rendered":"https:\/\/gorselmakina.com\/?page_id=442"},"modified":"2023-09-01T10:21:55","modified_gmt":"2023-09-01T07:21:55","slug":"teknik-servis","status":"publish","type":"page","link":"https:\/\/gorselmakina.com\/index.php\/teknik-servis\/","title":{"rendered":"Teknik Servis"},"content":{"rendered":"\t\t<div data-elementor-type=\"wp-page\" data-elementor-id=\"442\" class=\"elementor elementor-442\" data-elementor-post-type=\"page\">\n\t\t\t\t\t\t<section class=\"elementor-section elementor-top-section elementor-element elementor-element-6b24a710 elementor-section-height-min-height elementor-section-boxed elementor-section-height-default elementor-section-items-middle\" data-id=\"6b24a710\" data-element_type=\"section\" data-e-type=\"section\" data-settings=\"{&quot;background_background&quot;:&quot;classic&quot;}\">\n\t\t\t\t\t\t<div class=\"elementor-container elementor-column-gap-default\">\n\t\t\t\t\t<div class=\"elementor-column elementor-col-100 elementor-top-column elementor-element elementor-element-4333657d\" data-id=\"4333657d\" data-element_type=\"column\" data-e-type=\"column\">\n\t\t\t<div class=\"elementor-widget-wrap elementor-element-populated\">\n\t\t\t\t\t\t<div class=\"elementor-element elementor-element-67f20172 elementor-widget elementor-widget-heading\" data-id=\"67f20172\" data-element_type=\"widget\" data-e-type=\"widget\" data-widget_type=\"heading.default\">\n\t\t\t\t<div class=\"elementor-widget-container\">\n\t\t\t\t\t<h2 class=\"elementor-heading-title elementor-size-default\">Teknik Servis<\/h2>\t\t\t\t<\/div>\n\t\t\t\t<\/div>\n\t\t\t\t<div class=\"elementor-element elementor-element-5165c57d elementor-widget elementor-widget-text-editor\" data-id=\"5165c57d\" data-element_type=\"widget\" data-e-type=\"widget\" data-widget_type=\"text-editor.default\">\n\t\t\t\t<div class=\"elementor-widget-container\">\n\t\t\t\t\t\t\t\t\t<p><a href=\"https:\/\/gorselmakina.com\/\">Ana Sayfa<\/a> &#8211; Teknik Servis<\/p>\t\t\t\t\t\t\t\t<\/div>\n\t\t\t\t<\/div>\n\t\t\t\t\t<\/div>\n\t\t<\/div>\n\t\t\t\t\t<\/div>\n\t\t<\/section>\n\t\t\t\t<section class=\"elementor-section elementor-top-section elementor-element elementor-element-5791e87c elementor-section-boxed elementor-section-height-default elementor-section-height-default\" data-id=\"5791e87c\" data-element_type=\"section\" data-e-type=\"section\">\n\t\t\t\t\t\t<div class=\"elementor-container elementor-column-gap-default\">\n\t\t\t\t\t<div class=\"elementor-column elementor-col-50 elementor-top-column elementor-element elementor-element-2ac84bbb\" data-id=\"2ac84bbb\" data-element_type=\"column\" data-e-type=\"column\">\n\t\t\t<div class=\"elementor-widget-wrap elementor-element-populated\">\n\t\t\t\t\t\t<div class=\"elementor-element elementor-element-474ce713 elementor-widget elementor-widget-image\" data-id=\"474ce713\" data-element_type=\"widget\" data-e-type=\"widget\" data-widget_type=\"image.default\">\n\t\t\t\t<div class=\"elementor-widget-container\">\n\t\t\t\t\t\t\t\t\t\t\t\t\t\t\t<img fetchpriority=\"high\" decoding=\"async\" width=\"1920\" height=\"700\" src=\"https:\/\/gorselmakina.com\/wp-content\/uploads\/2023\/08\/quarry-bucket-excavator-works-in-a-slag-dump-PWSARGCa.jpg\" class=\"attachment-full size-full wp-image-80\" alt=\"\" srcset=\"https:\/\/gorselmakina.com\/wp-content\/uploads\/2023\/08\/quarry-bucket-excavator-works-in-a-slag-dump-PWSARGCa.jpg 1920w, https:\/\/gorselmakina.com\/wp-content\/uploads\/2023\/08\/quarry-bucket-excavator-works-in-a-slag-dump-PWSARGCa-300x109.jpg 300w, https:\/\/gorselmakina.com\/wp-content\/uploads\/2023\/08\/quarry-bucket-excavator-works-in-a-slag-dump-PWSARGCa-1024x373.jpg 1024w, https:\/\/gorselmakina.com\/wp-content\/uploads\/2023\/08\/quarry-bucket-excavator-works-in-a-slag-dump-PWSARGCa-768x280.jpg 768w, https:\/\/gorselmakina.com\/wp-content\/uploads\/2023\/08\/quarry-bucket-excavator-works-in-a-slag-dump-PWSARGCa-1536x560.jpg 1536w, https:\/\/gorselmakina.com\/wp-content\/uploads\/2023\/08\/quarry-bucket-excavator-works-in-a-slag-dump-PWSARGCa-1568x572.jpg 1568w\" sizes=\"(max-width: 1920px) 100vw, 1920px\" \/>\t\t\t\t\t\t\t\t\t\t\t\t\t\t\t<\/div>\n\t\t\t\t<\/div>\n\t\t\t\t<div class=\"elementor-element elementor-element-5d07fda5 elementor-widget elementor-widget-heading\" data-id=\"5d07fda5\" data-element_type=\"widget\" data-e-type=\"widget\" data-widget_type=\"heading.default\">\n\t\t\t\t<div class=\"elementor-widget-container\">\n\t\t\t\t\t<h3 class=\"elementor-heading-title elementor-size-default\">Kesintisiz Teknik Servis Hizmeti<\/h3>\t\t\t\t<\/div>\n\t\t\t\t<\/div>\n\t\t\t\t<div class=\"elementor-element elementor-element-3af09044 elementor-widget elementor-widget-text-editor\" data-id=\"3af09044\" data-element_type=\"widget\" data-e-type=\"widget\" data-widget_type=\"text-editor.default\">\n\t\t\t\t<div class=\"elementor-widget-container\">\n\t\t\t\t\t\t\t\t\t<p>G\u00f6rsel Makina olarak, Hyundai markas\u0131ndan ald\u0131\u011f\u0131m\u0131z g\u00fcvenilirlik ve y\u0131llar\u0131n deneyimiyle, sundu\u011fumuz \u00fcr\u00fcnlerin arkas\u0131nda duruyoruz. M\u00fc\u015fterilerimize y\u00f6nelik teknik destek hizmetimizi kesintisiz bir \u015fekilde 7\/24 sa\u011fl\u0131yoruz. Sorunlar\u0131 h\u0131zla ve etkin bir \u015fekilde \u00e7\u00f6zerek, m\u00fc\u015fteri memnuniyetini maksimize etmeyi temel hizmet felsefemiz olarak g\u00f6r\u00fcyoruz. Uzman bak\u0131m-onar\u0131m ekiplerimiz, e\u011fitim kadromuz ve canl\u0131 destek personelimizle, kar\u015f\u0131la\u015f\u0131lan sorunlara h\u0131zl\u0131ca \u00e7\u00f6z\u00fcm getirmeyi ama\u00e7l\u0131yoruz.<\/p><p>Teknik deste\u011fin, \u00fcr\u00fcn kalitesiyle e\u015fde\u011fer bir \u00f6neme sahip oldu\u011funu biliyoruz. \u0130\u015f s\u00fcre\u00e7lerinizin kesintiye u\u011framamas\u0131 ve depolama, tedarik, lojistik operasyonlar\u0131n\u0131z\u0131n sorunsuz y\u00fcr\u00fct\u00fclebilmesi i\u00e7in, sat\u0131\u015f sonras\u0131 hizmetlerimizde de en y\u00fcksek kalite standartlar\u0131n\u0131 sunuyoruz. Sat\u0131\u015f yapt\u0131\u011f\u0131m\u0131z her \u00fcr\u00fcn i\u00e7in g\u00fcvenilir ve etkin sat\u0131\u015f sonras\u0131 destek sa\u011flamak, sizin i\u015flerinizin s\u00fcreklili\u011fi i\u00e7in bizim de \u00f6nceli\u011fimizdir.<\/p>\t\t\t\t\t\t\t\t<\/div>\n\t\t\t\t<\/div>\n\t\t\t\t\t<\/div>\n\t\t<\/div>\n\t\t\t\t<div class=\"elementor-column elementor-col-50 elementor-top-column elementor-element elementor-element-75163916\" data-id=\"75163916\" data-element_type=\"column\" data-e-type=\"column\">\n\t\t\t<div class=\"elementor-widget-wrap elementor-element-populated\">\n\t\t\t\t\t\t<section class=\"elementor-section elementor-inner-section elementor-element elementor-element-19f3efe elementor-section-boxed elementor-section-height-default elementor-section-height-default\" data-id=\"19f3efe\" data-element_type=\"section\" data-e-type=\"section\">\n\t\t\t\t\t\t<div class=\"elementor-container elementor-column-gap-default\">\n\t\t\t\t\t<div class=\"elementor-column elementor-col-100 elementor-inner-column elementor-element elementor-element-f646e9b\" data-id=\"f646e9b\" data-element_type=\"column\" data-e-type=\"column\" data-settings=\"{&quot;background_background&quot;:&quot;classic&quot;}\">\n\t\t\t<div class=\"elementor-widget-wrap elementor-element-populated\">\n\t\t\t\t\t\t<div class=\"elementor-element elementor-element-35973cf elementor-widget elementor-widget-heading\" data-id=\"35973cf\" data-element_type=\"widget\" data-e-type=\"widget\" data-widget_type=\"heading.default\">\n\t\t\t\t<div class=\"elementor-widget-container\">\n\t\t\t\t\t<h3 class=\"elementor-heading-title elementor-size-default\">\u00dcr\u00fcnlerimiz<\/h3>\t\t\t\t<\/div>\n\t\t\t\t<\/div>\n\t\t\t\t<div class=\"elementor-element elementor-element-4d1b7f7 elementor-icon-list--layout-traditional elementor-list-item-link-full_width elementor-widget elementor-widget-icon-list\" data-id=\"4d1b7f7\" data-element_type=\"widget\" data-e-type=\"widget\" data-widget_type=\"icon-list.default\">\n\t\t\t\t<div class=\"elementor-widget-container\">\n\t\t\t\t\t\t\t<ul class=\"elementor-icon-list-items\">\n\t\t\t\t\t\t\t<li class=\"elementor-icon-list-item\">\n\t\t\t\t\t\t\t\t\t\t\t<a href=\"https:\/\/gorselmakina.com\/index.php\/urunlerimiz\/hyundai-elektrikli-forklift\/\">\n\n\t\t\t\t\t\t\t\t\t\t\t\t<span class=\"elementor-icon-list-icon\">\n\t\t\t\t\t\t\t<i aria-hidden=\"true\" class=\"far fa-plus-square\"><\/i>\t\t\t\t\t\t<\/span>\n\t\t\t\t\t\t\t\t\t\t<span class=\"elementor-icon-list-text\">Hyundai Elektriki Forklift<\/span>\n\t\t\t\t\t\t\t\t\t\t\t<\/a>\n\t\t\t\t\t\t\t\t\t<\/li>\n\t\t\t\t\t\t\t\t<li class=\"elementor-icon-list-item\">\n\t\t\t\t\t\t\t\t\t\t\t<a href=\"https:\/\/gorselmakina.com\/index.php\/urunlerimiz\/hyundai-dizel-forklift\/\">\n\n\t\t\t\t\t\t\t\t\t\t\t\t<span class=\"elementor-icon-list-icon\">\n\t\t\t\t\t\t\t<i aria-hidden=\"true\" class=\"far fa-plus-square\"><\/i>\t\t\t\t\t\t<\/span>\n\t\t\t\t\t\t\t\t\t\t<span class=\"elementor-icon-list-text\">Hyundai Dizel Foklift<\/span>\n\t\t\t\t\t\t\t\t\t\t\t<\/a>\n\t\t\t\t\t\t\t\t\t<\/li>\n\t\t\t\t\t\t\t\t<li class=\"elementor-icon-list-item\">\n\t\t\t\t\t\t\t\t\t\t\t<a href=\"https:\/\/gorselmakina.com\/index.php\/urunlerimiz\/hyundai-lpg-forklift\/\">\n\n\t\t\t\t\t\t\t\t\t\t\t\t<span class=\"elementor-icon-list-icon\">\n\t\t\t\t\t\t\t<i aria-hidden=\"true\" class=\"far fa-plus-square\"><\/i>\t\t\t\t\t\t<\/span>\n\t\t\t\t\t\t\t\t\t\t<span class=\"elementor-icon-list-text\">Hyundai LPG Forklift<\/span>\n\t\t\t\t\t\t\t\t\t\t\t<\/a>\n\t\t\t\t\t\t\t\t\t<\/li>\n\t\t\t\t\t\t\t\t<li class=\"elementor-icon-list-item\">\n\t\t\t\t\t\t\t\t\t\t\t<a href=\"http:\/\/elektr\">\n\n\t\t\t\t\t\t\t\t\t\t\t\t<span class=\"elementor-icon-list-icon\">\n\t\t\t\t\t\t\t<i aria-hidden=\"true\" class=\"far fa-plus-square\"><\/i>\t\t\t\t\t\t<\/span>\n\t\t\t\t\t\t\t\t\t\t<span class=\"elementor-icon-list-text\">Hyundai Elektrikli \u0130stifleyici<\/span>\n\t\t\t\t\t\t\t\t\t\t\t<\/a>\n\t\t\t\t\t\t\t\t\t<\/li>\n\t\t\t\t\t\t<\/ul>\n\t\t\t\t\t\t<\/div>\n\t\t\t\t<\/div>\n\t\t\t\t\t<\/div>\n\t\t<\/div>\n\t\t\t\t\t<\/div>\n\t\t<\/section>\n\t\t\t\t\t<\/div>\n\t\t<\/div>\n\t\t\t\t\t<\/div>\n\t\t<\/section>\n\t\t\t\t<\/div>\n\t\t","protected":false},"excerpt":{"rendered":"<p>Teknik Servis Ana Sayfa &#8211; Teknik Servis Kesintisiz Teknik Servis Hizmeti G\u00f6rsel Makina olarak, Hyundai markas\u0131ndan ald\u0131\u011f\u0131m\u0131z g\u00fcvenilirlik ve y\u0131llar\u0131n deneyimiyle, sundu\u011fumuz \u00fcr\u00fcnlerin arkas\u0131nda duruyoruz. M\u00fc\u015fterilerimize y\u00f6nelik teknik destek hizmetimizi kesintisiz bir \u015fekilde 7\/24 sa\u011fl\u0131yoruz. Sorunlar\u0131 h\u0131zla ve etkin bir \u015fekilde \u00e7\u00f6zerek, m\u00fc\u015fteri memnuniyetini maksimize etmeyi temel hizmet felsefemiz olarak g\u00f6r\u00fcyoruz. Uzman bak\u0131m-onar\u0131m ekiplerimiz, e\u011fitim &hellip; <\/p>\n<p class=\"link-more\"><a href=\"https:\/\/gorselmakina.com\/index.php\/teknik-servis\/\" class=\"more-link\">Okumaya devam et<span class=\"screen-reader-text\"> &#8220;Teknik Servis&#8221;<\/span><\/a><\/p>\n","protected":false},"author":1,"featured_media":0,"parent":0,"menu_order":0,"comment_status":"closed","ping_status":"closed","template":"elementor_header_footer","meta":{"footnotes":""},"class_list":["post-442","page","type-page","status-publish","hentry","entry"],"_links":{"self":[{"href":"https:\/\/gorselmakina.com\/index.php\/wp-json\/wp\/v2\/pages\/442","targetHints":{"allow":["GET"]}}],"collection":[{"href":"https:\/\/gorselmakina.com\/index.php\/wp-json\/wp\/v2\/pages"}],"about":[{"href":"https:\/\/gorselmakina.com\/index.php\/wp-json\/wp\/v2\/types\/page"}],"author":[{"embeddable":true,"href":"https:\/\/gorselmakina.com\/index.php\/wp-json\/wp\/v2\/users\/1"}],"replies":[{"embeddable":true,"href":"https:\/\/gorselmakina.com\/index.php\/wp-json\/wp\/v2\/comments?post=442"}],"version-history":[{"count":11,"href":"https:\/\/gorselmakina.com\/index.php\/wp-json\/wp\/v2\/pages\/442\/revisions"}],"predecessor-version":[{"id":454,"href":"https:\/\/gorselmakina.com\/index.php\/wp-json\/wp\/v2\/pages\/442\/revisions\/454"}],"wp:attachment":[{"href":"https:\/\/gorselmakina.com\/index.php\/wp-json\/wp\/v2\/media?parent=442"}],"curies":[{"name":"wp","href":"https:\/\/api.w.org\/{rel}","templated":true}]}}